{"id":3762,"date":"2019-10-14T10:00:38","date_gmt":"2019-10-14T08:00:38","guid":{"rendered":"https:\/\/www.hestasaga.com\/?post_type=kunst_kultur&#038;p=3762"},"modified":"2019-11-25T09:12:57","modified_gmt":"2019-11-25T08:12:57","slug":"zum-75-todestag-von-jon-svensson","status":"publish","type":"kunst_kultur","link":"https:\/\/www.hestasaga.com\/de\/kunst_kultur\/zum-75-todestag-von-jon-svensson\/","title":{"rendered":"J\u00d3N SVENSSON UND DIE MOTIVATION F\u00dcR SEINE B\u00dcCHER"},"content":{"rendered":"\n<p style=\"text-align:center\"> Zum 75. Todestag von J\u00f3n Svensson &#8211; Teil 1 <\/p>\n\n\n\n<div class=\"wp-container-3 wp-block-columns has-2-columns\">\n<div class=\"wp-container-1 wp-block-column\">\n<figure class=\"wp-block-image\"><img src=\"https:\/\/www.hestasaga.com\/wp-content\/uploads\/jon-s-621x1024.jpg\" alt=\"\" class=\"wp-image-3754\"\/><\/figure>\n\n\n\n<p><\/p>\n<\/div>\n\n\n\n<div class=\"wp-container-2 wp-block-column\">\n<p>Der gro\u00dfe isl\u00e4ndische Autor&nbsp; ist vielen Menschen vielleicht eher unter seinem Kosenamen \u201eNonni\u201c bekannt, der auch gleichzeitig der Name der Hauptfigur seiner B\u00fccher ist. Zw\u00f6lf Nonni-B\u00fccher hat Svensson verfasst, in denen er, wie er selbst erkl\u00e4rte, seine Kindheit und Jugend verarbeitete. Als 1912 das erste Buch erschien, konnte er noch nicht ahnen, wie erfolgreich seine Schriftstellerkarriere verlaufen w\u00fcrde, die er&nbsp; erst im reifen Alter von 54 Jahren begann. Seine B\u00fccher erschienen zun\u00e4chst &nbsp;auf Deutsch, wurden aber nach und nach in ca 40 Sprachen \u00fcbersetzt. Sie erzielten Millionenauflagen und begeisterten Kinder, Jugendliche, aber auch viele Erwachsene rund um den Globus.&nbsp; <br> <br>J\u00f3n Svenssons erkl\u00e4rtes Ziel war es, Menschen mit seinen Geschichten Freude zu bereiten, denn er hatte, wie er erl\u00e4uterte, in seinem&nbsp; Leben immer wieder beobachten&nbsp; m\u00fcssen, dass&nbsp; viele Menschen an Traurigkeit und Mutlosigkeit litten.  <\/p>\n<\/div>\n<\/div>\n\n\n\n<div class=\"wp-container-6 wp-block-columns has-2-columns\">\n<div class=\"wp-container-4 wp-block-column\">\n<p>\u201eGegen dieses &nbsp;gro\u00dfe und leider so verbreitete \u00dcbel wollte ich durch meine B\u00fccher nicht nur bei der Jugend, sondern noch viel mehr bei den Erwachsenen wirken und k\u00e4mpfen.\u201c (Zitat aus Svensson, J\u00f3n: Wie Nonni das Gl\u00fcck fand, Neus\u00e4\u00df: SJM-Verlag 2011, S. 198 ff.)<br><br>Das ist ihm gelungen. Noch zu Lebzeiten erreichten ihn &nbsp;unz\u00e4hlige Briefe von Lesern aus der ganzen Welt, die ihm versicherten,&nbsp; durch die Lekt\u00fcre seiner B\u00fccher Freude und Lebensmut zur\u00fcckgewonnen zu haben.<br><br>Wie konnte das gelingen? Svensson nimmt den Leser mit und l\u00e4sst ihn teilhaben an den Abenteuern, die der Wildfang Nonni&nbsp; und sein kleiner Bruder Manni gemeinsam in der rauen Natur Islands erleben. Der Leser taucht ein in die heile Welt von Nonni, der trotz manchem Kampf mit den Gewalten in Harmonie mit der Natur lebt und nach bestandenem Abenteuer&nbsp; in sein \u00e4rmliches, aber liebevoll besch\u00fctzendes Elternhaus zur\u00fcckkehrt.<\/p>\n<\/div>\n\n\n\n<div class=\"wp-container-5 wp-block-column\">\n<figure class=\"wp-block-image\"><img src=\"https:\/\/www.hestasaga.com\/wp-content\/uploads\/Wie-Nonni-das-Gl%C3%BCck-fand.jpg\" alt=\"\" class=\"wp-image-3759\"\/><\/figure>\n<\/div>\n<\/div>\n\n\n\n<p>Vielleicht ist es dieses einfache Rezept f\u00fcr das Gl\u00fcck, das hier vorgelebt wird, was &nbsp;die Menschen bewegt &nbsp;und wonach sie eine tiefe Sehnsucht versp\u00fcren.<\/p>\n","protected":false},"excerpt":{"rendered":"<p>Zum 75. Todestag von J\u00f3n Svensson &#8211; Teil 1 Der gro\u00dfe isl\u00e4ndische Autor&nbsp; ist vielen Menschen vielleicht eher unter seinem Kosenamen \u201eNonni\u201c bekannt, der auch gleichzeitig der Name der Hauptfigur seiner B\u00fccher ist. Zw\u00f6lf Nonni-B\u00fccher hat Svensson verfasst, in denen er, wie er selbst erkl\u00e4rte, seine Kindheit und Jugend verarbeitete. Als 1912 das erste Buch [&hellip;]<\/p>\n","protected":false},"author":5,"featured_media":3754,"parent":0,"comment_status":"open","ping_status":"closed","template":"","acf":[],"yoast_head":"<!-- This site is optimized with the Yoast SEO plugin v19.7.1 - https:\/\/yoast.com\/wordpress\/plugins\/seo\/ -->\n<title>J\u00d3N SVENSSON UND DIE MOTIVATION F\u00dcR SEINE B\u00dcCHER - Hestasaga<\/title>\n<meta name=\"robots\" content=\"index, follow, max-snippet:-1, max-image-preview:large, max-video-preview:-1\" \/>\n<link rel=\"canonical\" href=\"https:\/\/www.hestasaga.com\/de\/kunst_kultur\/zum-75-todestag-von-jon-svensson\/\" \/>\n<meta property=\"og:locale\" content=\"de_DE\" \/>\n<meta property=\"og:type\" content=\"article\" \/>\n<meta property=\"og:title\" content=\"J\u00d3N SVENSSON UND DIE MOTIVATION F\u00dcR SEINE B\u00dcCHER - Hestasaga\" \/>\n<meta property=\"og:description\" content=\"Zum 75. Todestag von J\u00f3n Svensson &#8211; Teil 1 Der gro\u00dfe isl\u00e4ndische Autor&nbsp; ist vielen Menschen vielleicht eher unter seinem Kosenamen \u201eNonni\u201c bekannt, der auch gleichzeitig der Name der Hauptfigur seiner B\u00fccher ist. Zw\u00f6lf Nonni-B\u00fccher hat Svensson verfasst, in denen er, wie er selbst erkl\u00e4rte, seine Kindheit und Jugend verarbeitete. Als 1912 das erste Buch [&hellip;]\" \/>\n<meta property=\"og:url\" content=\"https:\/\/www.hestasaga.com\/de\/kunst_kultur\/zum-75-todestag-von-jon-svensson\/\" \/>\n<meta property=\"og:site_name\" content=\"Hestasaga\" \/>\n<meta property=\"article:publisher\" content=\"https:\/\/www.facebook.com\/hestasaga\/\" \/>\n<meta property=\"article:modified_time\" content=\"2019-11-25T08:12:57+00:00\" \/>\n<meta property=\"og:image\" content=\"https:\/\/www.hestasaga.com\/wp-content\/uploads\/jon-s-e1571050229311.jpg\" \/>\n\t<meta property=\"og:image:width\" content=\"1518\" \/>\n\t<meta property=\"og:image:height\" content=\"1420\" \/>\n\t<meta property=\"og:image:type\" content=\"image\/jpeg\" \/>\n<meta name=\"twitter:card\" content=\"summary_large_image\" \/>\n<meta name=\"twitter:site\" content=\"@Hestasaga\" \/>\n<meta name=\"twitter:label1\" content=\"Gesch\u00e4tzte Lesezeit\" \/>\n\t<meta name=\"twitter:data1\" content=\"2\u00a0Minuten\" \/>\n<script type=\"application\/ld+json\" class=\"yoast-schema-graph\">{\"@context\":\"https:\/\/schema.org\",\"@graph\":[{\"@type\":\"WebPage\",\"@id\":\"https:\/\/www.hestasaga.com\/de\/kunst_kultur\/zum-75-todestag-von-jon-svensson\/\",\"url\":\"https:\/\/www.hestasaga.com\/de\/kunst_kultur\/zum-75-todestag-von-jon-svensson\/\",\"name\":\"J\u00d3N SVENSSON UND DIE MOTIVATION F\u00dcR SEINE B\u00dcCHER - Hestasaga\",\"isPartOf\":{\"@id\":\"https:\/\/www.hestasaga.com\/en\/#website\"},\"datePublished\":\"2019-10-14T08:00:38+00:00\",\"dateModified\":\"2019-11-25T08:12:57+00:00\",\"breadcrumb\":{\"@id\":\"https:\/\/www.hestasaga.com\/de\/kunst_kultur\/zum-75-todestag-von-jon-svensson\/#breadcrumb\"},\"inLanguage\":\"de\",\"potentialAction\":[{\"@type\":\"ReadAction\",\"target\":[\"https:\/\/www.hestasaga.com\/de\/kunst_kultur\/zum-75-todestag-von-jon-svensson\/\"]}]},{\"@type\":\"BreadcrumbList\",\"@id\":\"https:\/\/www.hestasaga.com\/de\/kunst_kultur\/zum-75-todestag-von-jon-svensson\/#breadcrumb\",\"itemListElement\":[{\"@type\":\"ListItem\",\"position\":1,\"name\":\"Startseite\",\"item\":\"https:\/\/www.hestasaga.com\/de\/\"},{\"@type\":\"ListItem\",\"position\":2,\"name\":\"J\u00d3N SVENSSON UND DIE MOTIVATION F\u00dcR SEINE B\u00dcCHER\"}]},{\"@type\":\"WebSite\",\"@id\":\"https:\/\/www.hestasaga.com\/en\/#website\",\"url\":\"https:\/\/www.hestasaga.com\/en\/\",\"name\":\"Hestasaga\",\"description\":\"\",\"publisher\":{\"@id\":\"https:\/\/www.hestasaga.com\/en\/#organization\"},\"potentialAction\":[{\"@type\":\"SearchAction\",\"target\":{\"@type\":\"EntryPoint\",\"urlTemplate\":\"https:\/\/www.hestasaga.com\/en\/?s={search_term_string}\"},\"query-input\":\"required name=search_term_string\"}],\"inLanguage\":\"de\"},{\"@type\":\"Organization\",\"@id\":\"https:\/\/www.hestasaga.com\/en\/#organization\",\"name\":\"HestaSaga\",\"url\":\"https:\/\/www.hestasaga.com\/en\/\",\"sameAs\":[\"https:\/\/www.instagram.com\/hestasaga\/\",\"https:\/\/www.facebook.com\/hestasaga\/\",\"https:\/\/twitter.com\/Hestasaga\"],\"logo\":{\"@type\":\"ImageObject\",\"inLanguage\":\"de\",\"@id\":\"https:\/\/www.hestasaga.com\/en\/#\/schema\/logo\/image\/\",\"url\":\"https:\/\/www.hestasaga.com\/wp-content\/uploads\/hestasaga_logo.png\",\"contentUrl\":\"https:\/\/www.hestasaga.com\/wp-content\/uploads\/hestasaga_logo.png\",\"width\":600,\"height\":214,\"caption\":\"HestaSaga\"},\"image\":{\"@id\":\"https:\/\/www.hestasaga.com\/en\/#\/schema\/logo\/image\/\"}}]}<\/script>\n<!-- \/ Yoast SEO plugin. -->","yoast_head_json":{"title":"J\u00d3N SVENSSON UND DIE MOTIVATION F\u00dcR SEINE B\u00dcCHER - Hestasaga","robots":{"index":"index","follow":"follow","max-snippet":"max-snippet:-1","max-image-preview":"max-image-preview:large","max-video-preview":"max-video-preview:-1"},"canonical":"https:\/\/www.hestasaga.com\/de\/kunst_kultur\/zum-75-todestag-von-jon-svensson\/","og_locale":"de_DE","og_type":"article","og_title":"J\u00d3N SVENSSON UND DIE MOTIVATION F\u00dcR SEINE B\u00dcCHER - Hestasaga","og_description":"Zum 75. Todestag von J\u00f3n Svensson &#8211; Teil 1 Der gro\u00dfe isl\u00e4ndische Autor&nbsp; ist vielen Menschen vielleicht eher unter seinem Kosenamen \u201eNonni\u201c bekannt, der auch gleichzeitig der Name der Hauptfigur seiner B\u00fccher ist. Zw\u00f6lf Nonni-B\u00fccher hat Svensson verfasst, in denen er, wie er selbst erkl\u00e4rte, seine Kindheit und Jugend verarbeitete. Als 1912 das erste Buch [&hellip;]","og_url":"https:\/\/www.hestasaga.com\/de\/kunst_kultur\/zum-75-todestag-von-jon-svensson\/","og_site_name":"Hestasaga","article_publisher":"https:\/\/www.facebook.com\/hestasaga\/","article_modified_time":"2019-11-25T08:12:57+00:00","og_image":[{"width":1518,"height":1420,"url":"https:\/\/www.hestasaga.com\/wp-content\/uploads\/jon-s-e1571050229311.jpg","type":"image\/jpeg"}],"twitter_card":"summary_large_image","twitter_site":"@Hestasaga","twitter_misc":{"Gesch\u00e4tzte Lesezeit":"2\u00a0Minuten"},"schema":{"@context":"https:\/\/schema.org","@graph":[{"@type":"WebPage","@id":"https:\/\/www.hestasaga.com\/de\/kunst_kultur\/zum-75-todestag-von-jon-svensson\/","url":"https:\/\/www.hestasaga.com\/de\/kunst_kultur\/zum-75-todestag-von-jon-svensson\/","name":"J\u00d3N SVENSSON UND DIE MOTIVATION F\u00dcR SEINE B\u00dcCHER - Hestasaga","isPartOf":{"@id":"https:\/\/www.hestasaga.com\/en\/#website"},"datePublished":"2019-10-14T08:00:38+00:00","dateModified":"2019-11-25T08:12:57+00:00","breadcrumb":{"@id":"https:\/\/www.hestasaga.com\/de\/kunst_kultur\/zum-75-todestag-von-jon-svensson\/#breadcrumb"},"inLanguage":"de","potentialAction":[{"@type":"ReadAction","target":["https:\/\/www.hestasaga.com\/de\/kunst_kultur\/zum-75-todestag-von-jon-svensson\/"]}]},{"@type":"BreadcrumbList","@id":"https:\/\/www.hestasaga.com\/de\/kunst_kultur\/zum-75-todestag-von-jon-svensson\/#breadcrumb","itemListElement":[{"@type":"ListItem","position":1,"name":"Startseite","item":"https:\/\/www.hestasaga.com\/de\/"},{"@type":"ListItem","position":2,"name":"J\u00d3N SVENSSON UND DIE MOTIVATION F\u00dcR SEINE B\u00dcCHER"}]},{"@type":"WebSite","@id":"https:\/\/www.hestasaga.com\/en\/#website","url":"https:\/\/www.hestasaga.com\/en\/","name":"Hestasaga","description":"","publisher":{"@id":"https:\/\/www.hestasaga.com\/en\/#organization"},"potentialAction":[{"@type":"SearchAction","target":{"@type":"EntryPoint","urlTemplate":"https:\/\/www.hestasaga.com\/en\/?s={search_term_string}"},"query-input":"required name=search_term_string"}],"inLanguage":"de"},{"@type":"Organization","@id":"https:\/\/www.hestasaga.com\/en\/#organization","name":"HestaSaga","url":"https:\/\/www.hestasaga.com\/en\/","sameAs":["https:\/\/www.instagram.com\/hestasaga\/","https:\/\/www.facebook.com\/hestasaga\/","https:\/\/twitter.com\/Hestasaga"],"logo":{"@type":"ImageObject","inLanguage":"de","@id":"https:\/\/www.hestasaga.com\/en\/#\/schema\/logo\/image\/","url":"https:\/\/www.hestasaga.com\/wp-content\/uploads\/hestasaga_logo.png","contentUrl":"https:\/\/www.hestasaga.com\/wp-content\/uploads\/hestasaga_logo.png","width":600,"height":214,"caption":"HestaSaga"},"image":{"@id":"https:\/\/www.hestasaga.com\/en\/#\/schema\/logo\/image\/"}}]}},"_links":{"self":[{"href":"https:\/\/www.hestasaga.com\/de\/wp-json\/wp\/v2\/kunst_kultur\/3762"}],"collection":[{"href":"https:\/\/www.hestasaga.com\/de\/wp-json\/wp\/v2\/kunst_kultur"}],"about":[{"href":"https:\/\/www.hestasaga.com\/de\/wp-json\/wp\/v2\/types\/kunst_kultur"}],"author":[{"embeddable":true,"href":"https:\/\/www.hestasaga.com\/de\/wp-json\/wp\/v2\/users\/5"}],"replies":[{"embeddable":true,"href":"https:\/\/www.hestasaga.com\/de\/wp-json\/wp\/v2\/comments?post=3762"}],"version-history":[{"count":18,"href":"https:\/\/www.hestasaga.com\/de\/wp-json\/wp\/v2\/kunst_kultur\/3762\/revisions"}],"predecessor-version":[{"id":4142,"href":"https:\/\/www.hestasaga.com\/de\/wp-json\/wp\/v2\/kunst_kultur\/3762\/revisions\/4142"}],"wp:featuredmedia":[{"embeddable":true,"href":"https:\/\/www.hestasaga.com\/de\/wp-json\/wp\/v2\/media\/3754"}],"wp:attachment":[{"href":"https:\/\/www.hestasaga.com\/de\/wp-json\/wp\/v2\/media?parent=3762"}],"curies":[{"name":"wp","href":"https:\/\/api.w.org\/{rel}","templated":true}]}}

JÓN SVENSSON UND DIE MOTIVATION FÜR SEINE BÜCHER

<p style="text-align:center"> Zum 75. Todestag von Jón Svensson &#8211; Teil 1 </p>



<div class="wp-container-3 wp-block-columns has-2-columns">
<div class="wp-container-1 wp-block-column">
<figure class="wp-block-image"><img src="https://www.hestasaga.com/wp-content/uploads/jon-s-621x1024.jpg" alt="" class="wp-image-3754"/></figure>



<p></p>
</div>



<div class="wp-container-2 wp-block-column">
<p>Der große isländische Autor&nbsp; ist vielen Menschen vielleicht eher unter seinem Kosenamen „Nonni“ bekannt, der auch gleichzeitig der Name der Hauptfigur seiner Bücher ist. Zwölf Nonni-Bücher hat Svensson verfasst, in denen er, wie er selbst erklärte, seine Kindheit und Jugend verarbeitete. Als 1912 das erste Buch erschien, konnte er noch nicht ahnen, wie erfolgreich seine Schriftstellerkarriere verlaufen würde, die er&nbsp; erst im reifen Alter von 54 Jahren begann. Seine Bücher erschienen zunächst &nbsp;auf Deutsch, wurden aber nach und nach in ca 40 Sprachen übersetzt. Sie erzielten Millionenauflagen und begeisterten Kinder, Jugendliche, aber auch viele Erwachsene rund um den Globus.&nbsp; <br> <br>Jón Svenssons erklärtes Ziel war es, Menschen mit seinen Geschichten Freude zu bereiten, denn er hatte, wie er erläuterte, in seinem&nbsp; Leben immer wieder beobachten&nbsp; müssen, dass&nbsp; viele Menschen an Traurigkeit und Mutlosigkeit litten.  </p>
</div>
</div>



<div class="wp-container-6 wp-block-columns has-2-columns">
<div class="wp-container-4 wp-block-column">
<p>„Gegen dieses &nbsp;große und leider so verbreitete Übel wollte ich durch meine Bücher nicht nur bei der Jugend, sondern noch viel mehr bei den Erwachsenen wirken und kämpfen.“ (Zitat aus Svensson, Jón: Wie Nonni das Glück fand, Neusäß: SJM-Verlag 2011, S. 198 ff.)<br><br>Das ist ihm gelungen. Noch zu Lebzeiten erreichten ihn &nbsp;unzählige Briefe von Lesern aus der ganzen Welt, die ihm versicherten,&nbsp; durch die Lektüre seiner Bücher Freude und Lebensmut zurückgewonnen zu haben.<br><br>Wie konnte das gelingen? Svensson nimmt den Leser mit und lässt ihn teilhaben an den Abenteuern, die der Wildfang Nonni&nbsp; und sein kleiner Bruder Manni gemeinsam in der rauen Natur Islands erleben. Der Leser taucht ein in die heile Welt von Nonni, der trotz manchem Kampf mit den Gewalten in Harmonie mit der Natur lebt und nach bestandenem Abenteuer&nbsp; in sein ärmliches, aber liebevoll beschützendes Elternhaus zurückkehrt.</p>
</div>



<div class="wp-container-5 wp-block-column">
<figure class="wp-block-image"><img src="https://www.hestasaga.com/wp-content/uploads/Wie-Nonni-das-Gl%C3%BCck-fand.jpg" alt="" class="wp-image-3759"/></figure>
</div>
</div>



<p>Vielleicht ist es dieses einfache Rezept für das Glück, das hier vorgelebt wird, was &nbsp;die Menschen bewegt &nbsp;und wonach sie eine tiefe Sehnsucht verspüren.</p>

<p>Zum 75. Todestag von Jón Svensson &#8211; Teil 1 Der große isländische Autor&nbsp; ist vielen Menschen vielleicht eher unter seinem Kosenamen „Nonni“ bekannt, der auch gleichzeitig der Name der Hauptfigur seiner Bücher ist. Zwölf Nonni-Bücher hat Svensson verfasst, in denen er, wie er selbst erklärte, seine Kindheit und Jugend verarbeitete. Als 1912 das erste Buch [&hellip;]</p>

<!-- This site is optimized with the Yoast SEO plugin v19.7.1 - https://yoast.com/wordpress/plugins/seo/ -->
<title>JÓN SVENSSON UND DIE MOTIVATION FÜR SEINE BÜCHER - Hestasaga</title>
<meta name="robots" content="index, follow, max-snippet:-1, max-image-preview:large, max-video-preview:-1" />
<link rel="canonical" href="https://www.hestasaga.com/de/kunst_kultur/zum-75-todestag-von-jon-svensson/" />
<meta property="og:locale" content="de_DE" />
<meta property="og:type" content="article" />
<meta property="og:title" content="JÓN SVENSSON UND DIE MOTIVATION FÜR SEINE BÜCHER - Hestasaga" />
<meta property="og:description" content="Zum 75. Todestag von Jón Svensson &#8211; Teil 1 Der große isländische Autor&nbsp; ist vielen Menschen vielleicht eher unter seinem Kosenamen „Nonni“ bekannt, der auch gleichzeitig der Name der Hauptfigur seiner Bücher ist. Zwölf Nonni-Bücher hat Svensson verfasst, in denen er, wie er selbst erklärte, seine Kindheit und Jugend verarbeitete. Als 1912 das erste Buch [&hellip;]" />
<meta property="og:url" content="https://www.hestasaga.com/de/kunst_kultur/zum-75-todestag-von-jon-svensson/" />
<meta property="og:site_name" content="Hestasaga" />
<meta property="article:publisher" content="https://www.facebook.com/hestasaga/" />
<meta property="article:modified_time" content="2019-11-25T08:12:57+00:00" />
<meta property="og:image" content="https://www.hestasaga.com/wp-content/uploads/jon-s-e1571050229311.jpg" />
	<meta property="og:image:width" content="1518" />
	<meta property="og:image:height" content="1420" />
	<meta property="og:image:type" content="image/jpeg" />
<meta name="twitter:card" content="summary_large_image" />
<meta name="twitter:site" content="@Hestasaga" />
<meta name="twitter:label1" content="Geschätzte Lesezeit" />
	<meta name="twitter:data1" content="2 Minuten" />
<script type="application/ld+json" class="yoast-schema-graph">{"@context":"https://schema.org","@graph":[{"@type":"WebPage","@id":"https://www.hestasaga.com/de/kunst_kultur/zum-75-todestag-von-jon-svensson/","url":"https://www.hestasaga.com/de/kunst_kultur/zum-75-todestag-von-jon-svensson/","name":"JÓN SVENSSON UND DIE MOTIVATION FÜR SEINE BÜCHER - Hestasaga","isPartOf":{"@id":"https://www.hestasaga.com/en/#website"},"datePublished":"2019-10-14T08:00:38+00:00","dateModified":"2019-11-25T08:12:57+00:00","breadcrumb":{"@id":"https://www.hestasaga.com/de/kunst_kultur/zum-75-todestag-von-jon-svensson/#breadcrumb"},"inLanguage":"de","potentialAction":[{"@type":"ReadAction","target":["https://www.hestasaga.com/de/kunst_kultur/zum-75-todestag-von-jon-svensson/"]}]},{"@type":"BreadcrumbList","@id":"https://www.hestasaga.com/de/kunst_kultur/zum-75-todestag-von-jon-svensson/#breadcrumb","itemListElement":[{"@type":"ListItem","position":1,"name":"Startseite","item":"https://www.hestasaga.com/de/"},{"@type":"ListItem","position":2,"name":"JÓN SVENSSON UND DIE MOTIVATION FÜR SEINE BÜCHER"}]},{"@type":"WebSite","@id":"https://www.hestasaga.com/en/#website","url":"https://www.hestasaga.com/en/","name":"Hestasaga","description":"","publisher":{"@id":"https://www.hestasaga.com/en/#organization"},"potentialAction":[{"@type":"SearchAction","target":{"@type":"EntryPoint","urlTemplate":"https://www.hestasaga.com/en/?s={search_term_string}"},"query-input":"required name=search_term_string"}],"inLanguage":"de"},{"@type":"Organization","@id":"https://www.hestasaga.com/en/#organization","name":"HestaSaga","url":"https://www.hestasaga.com/en/","sameAs":["https://www.instagram.com/hestasaga/","https://www.facebook.com/hestasaga/","https://twitter.com/Hestasaga"],"logo":{"@type":"ImageObject","inLanguage":"de","@id":"https://www.hestasaga.com/en/#/schema/logo/image/","url":"https://www.hestasaga.com/wp-content/uploads/hestasaga_logo.png","contentUrl":"https://www.hestasaga.com/wp-content/uploads/hestasaga_logo.png","width":600,"height":214,"caption":"HestaSaga"},"image":{"@id":"https://www.hestasaga.com/en/#/schema/logo/image/"}}]}</script>
<!-- / Yoast SEO plugin. -->

JÓN SVENSSON UND DIE MOTIVATION FÜR SEINE BÜCHER - Hestasaga

Zum 75. Todestag von Jón Svensson &#8211; Teil 1 Der große isländische Autor&nbsp; ist vielen Menschen vielleicht eher unter seinem Kosenamen „Nonni“ bekannt, der auch gleichzeitig der Name der Hauptfigur seiner Bücher ist. Zwölf Nonni-Bücher hat Svensson verfasst, in denen er, wie er selbst erklärte, seine Kindheit und Jugend verarbeitete. Als 1912 das erste Buch [&hellip;]
