{"id":2609,"date":"2022-12-10T00:00:00","date_gmt":"2022-12-09T23:00:00","guid":{"rendered":"http:\/\/neu.hestasaga.com\/?post_type=kapitel&#038;p=2609"},"modified":"2022-01-12T22:21:19","modified_gmt":"2022-01-12T21:21:19","slug":"adventskalender-2019","status":"publish","type":"kapitel","link":"https:\/\/www.hestasaga.com\/de\/kapitel\/adventskalender-2019\/","title":{"rendered":"Adventskalender"},"content":{"rendered":"\n<div class=\"wp-container-3 wp-block-columns\">\n<div class=\"wp-container-1 wp-block-column\">\n<figure class=\"wp-block-image size-large\"><img fetchpriority=\"high\" width=\"1000\" height=\"750\" src=\"https:\/\/www.hestasaga.com\/wp-content\/uploads\/Gattathefur-og-Nasi.jpg\" alt=\"\" class=\"wp-image-679\" srcset=\"https:\/\/www.hestasaga.com\/wp-content\/uploads\/Gattathefur-og-Nasi.jpg 1000w, https:\/\/www.hestasaga.com\/wp-content\/uploads\/Gattathefur-og-Nasi-300x225.jpg 300w, https:\/\/www.hestasaga.com\/wp-content\/uploads\/Gattathefur-og-Nasi-768x576.jpg 768w\" sizes=\"(max-width: 1000px) 100vw, 1000px\" \/><\/figure>\n<\/div>\n\n\n\n<div class=\"wp-container-2 wp-block-column\">\n<p class=\"has-medium-font-size\"><strong>Isl\u00e4ndischer Adventskalender<\/strong><br><br><br>Auch in Island freuen sich viele Menschen jedes Jahr auf Weihnachten. <br><br>Knapp zwei Wochen vor dem Fest wird es auf der Insel traditionsgem\u00e4\u00df turbulenter als anderswo auf dem Erdball. <br><br>Da machen sich n\u00e4mlich Wesen aus der verborgenen Welt auf den Weg zu den Menschen und bringen einiges durcheinander. <br><\/p>\n<\/div>\n<\/div>\n","protected":false},"author":5,"featured_media":0,"parent":0,"comment_status":"open","ping_status":"closed","template":"","acf":[],"yoast_head":"<!-- This site is optimized with the Yoast SEO plugin v19.7.1 - https:\/\/yoast.com\/wordpress\/plugins\/seo\/ -->\n<title>Adventskalender - Hestasaga<\/title>\n<meta name=\"robots\" content=\"index, follow, max-snippet:-1, max-image-preview:large, max-video-preview:-1\" \/>\n<link rel=\"canonical\" href=\"https:\/\/www.hestasaga.com\/de\/kapitel\/adventskalender-2019\/\" \/>\n<meta property=\"og:locale\" content=\"de_DE\" \/>\n<meta property=\"og:type\" content=\"article\" \/>\n<meta property=\"og:title\" content=\"Adventskalender - Hestasaga\" \/>\n<meta property=\"og:description\" content=\"Isl\u00e4ndischer Adventskalender Auch in Island freuen sich viele Menschen jedes Jahr auf Weihnachten. Knapp zwei Wochen vor dem Fest wird es auf der Insel traditionsgem\u00e4\u00df turbulenter als anderswo auf dem Erdball. Da machen sich n\u00e4mlich Wesen aus der verborgenen Welt auf den Weg zu den Menschen und bringen einiges durcheinander.\" \/>\n<meta property=\"og:url\" content=\"https:\/\/www.hestasaga.com\/de\/kapitel\/adventskalender-2019\/\" \/>\n<meta property=\"og:site_name\" content=\"Hestasaga\" \/>\n<meta property=\"article:publisher\" content=\"https:\/\/www.facebook.com\/hestasaga\/\" \/>\n<meta property=\"article:modified_time\" content=\"2022-01-12T21:21:19+00:00\" \/>\n<meta property=\"og:image\" content=\"https:\/\/www.hestasaga.com\/wp-content\/uploads\/Gattathefur-og-Nasi.jpg\" \/>\n<meta name=\"twitter:card\" content=\"summary_large_image\" \/>\n<meta name=\"twitter:site\" content=\"@Hestasaga\" \/>\n<meta name=\"twitter:label1\" content=\"Gesch\u00e4tzte Lesezeit\" \/>\n\t<meta name=\"twitter:data1\" content=\"1\u00a0Minute\" \/>\n<script type=\"application\/ld+json\" class=\"yoast-schema-graph\">{\"@context\":\"https:\/\/schema.org\",\"@graph\":[{\"@type\":\"WebPage\",\"@id\":\"https:\/\/www.hestasaga.com\/de\/kapitel\/adventskalender-2019\/\",\"url\":\"https:\/\/www.hestasaga.com\/de\/kapitel\/adventskalender-2019\/\",\"name\":\"Adventskalender - Hestasaga\",\"isPartOf\":{\"@id\":\"https:\/\/www.hestasaga.com\/en\/#website\"},\"datePublished\":\"2022-12-09T23:00:00+00:00\",\"dateModified\":\"2022-01-12T21:21:19+00:00\",\"breadcrumb\":{\"@id\":\"https:\/\/www.hestasaga.com\/de\/kapitel\/adventskalender-2019\/#breadcrumb\"},\"inLanguage\":\"de\",\"potentialAction\":[{\"@type\":\"ReadAction\",\"target\":[\"https:\/\/www.hestasaga.com\/de\/kapitel\/adventskalender-2019\/\"]}]},{\"@type\":\"BreadcrumbList\",\"@id\":\"https:\/\/www.hestasaga.com\/de\/kapitel\/adventskalender-2019\/#breadcrumb\",\"itemListElement\":[{\"@type\":\"ListItem\",\"position\":1,\"name\":\"Startseite\",\"item\":\"https:\/\/www.hestasaga.com\/de\/\"},{\"@type\":\"ListItem\",\"position\":2,\"name\":\"Adventskalender\"}]},{\"@type\":\"WebSite\",\"@id\":\"https:\/\/www.hestasaga.com\/en\/#website\",\"url\":\"https:\/\/www.hestasaga.com\/en\/\",\"name\":\"Hestasaga\",\"description\":\"\",\"publisher\":{\"@id\":\"https:\/\/www.hestasaga.com\/en\/#organization\"},\"potentialAction\":[{\"@type\":\"SearchAction\",\"target\":{\"@type\":\"EntryPoint\",\"urlTemplate\":\"https:\/\/www.hestasaga.com\/en\/?s={search_term_string}\"},\"query-input\":\"required name=search_term_string\"}],\"inLanguage\":\"de\"},{\"@type\":\"Organization\",\"@id\":\"https:\/\/www.hestasaga.com\/en\/#organization\",\"name\":\"HestaSaga\",\"url\":\"https:\/\/www.hestasaga.com\/en\/\",\"sameAs\":[\"https:\/\/www.instagram.com\/hestasaga\/\",\"https:\/\/www.facebook.com\/hestasaga\/\",\"https:\/\/twitter.com\/Hestasaga\"],\"logo\":{\"@type\":\"ImageObject\",\"inLanguage\":\"de\",\"@id\":\"https:\/\/www.hestasaga.com\/en\/#\/schema\/logo\/image\/\",\"url\":\"https:\/\/www.hestasaga.com\/wp-content\/uploads\/hestasaga_logo.png\",\"contentUrl\":\"https:\/\/www.hestasaga.com\/wp-content\/uploads\/hestasaga_logo.png\",\"width\":600,\"height\":214,\"caption\":\"HestaSaga\"},\"image\":{\"@id\":\"https:\/\/www.hestasaga.com\/en\/#\/schema\/logo\/image\/\"}}]}<\/script>\n<!-- \/ Yoast SEO plugin. -->","yoast_head_json":{"title":"Adventskalender - Hestasaga","robots":{"index":"index","follow":"follow","max-snippet":"max-snippet:-1","max-image-preview":"max-image-preview:large","max-video-preview":"max-video-preview:-1"},"canonical":"https:\/\/www.hestasaga.com\/de\/kapitel\/adventskalender-2019\/","og_locale":"de_DE","og_type":"article","og_title":"Adventskalender - Hestasaga","og_description":"Isl\u00e4ndischer Adventskalender Auch in Island freuen sich viele Menschen jedes Jahr auf Weihnachten. Knapp zwei Wochen vor dem Fest wird es auf der Insel traditionsgem\u00e4\u00df turbulenter als anderswo auf dem Erdball. Da machen sich n\u00e4mlich Wesen aus der verborgenen Welt auf den Weg zu den Menschen und bringen einiges durcheinander.","og_url":"https:\/\/www.hestasaga.com\/de\/kapitel\/adventskalender-2019\/","og_site_name":"Hestasaga","article_publisher":"https:\/\/www.facebook.com\/hestasaga\/","article_modified_time":"2022-01-12T21:21:19+00:00","og_image":[{"url":"https:\/\/www.hestasaga.com\/wp-content\/uploads\/Gattathefur-og-Nasi.jpg"}],"twitter_card":"summary_large_image","twitter_site":"@Hestasaga","twitter_misc":{"Gesch\u00e4tzte Lesezeit":"1\u00a0Minute"},"schema":{"@context":"https:\/\/schema.org","@graph":[{"@type":"WebPage","@id":"https:\/\/www.hestasaga.com\/de\/kapitel\/adventskalender-2019\/","url":"https:\/\/www.hestasaga.com\/de\/kapitel\/adventskalender-2019\/","name":"Adventskalender - Hestasaga","isPartOf":{"@id":"https:\/\/www.hestasaga.com\/en\/#website"},"datePublished":"2022-12-09T23:00:00+00:00","dateModified":"2022-01-12T21:21:19+00:00","breadcrumb":{"@id":"https:\/\/www.hestasaga.com\/de\/kapitel\/adventskalender-2019\/#breadcrumb"},"inLanguage":"de","potentialAction":[{"@type":"ReadAction","target":["https:\/\/www.hestasaga.com\/de\/kapitel\/adventskalender-2019\/"]}]},{"@type":"BreadcrumbList","@id":"https:\/\/www.hestasaga.com\/de\/kapitel\/adventskalender-2019\/#breadcrumb","itemListElement":[{"@type":"ListItem","position":1,"name":"Startseite","item":"https:\/\/www.hestasaga.com\/de\/"},{"@type":"ListItem","position":2,"name":"Adventskalender"}]},{"@type":"WebSite","@id":"https:\/\/www.hestasaga.com\/en\/#website","url":"https:\/\/www.hestasaga.com\/en\/","name":"Hestasaga","description":"","publisher":{"@id":"https:\/\/www.hestasaga.com\/en\/#organization"},"potentialAction":[{"@type":"SearchAction","target":{"@type":"EntryPoint","urlTemplate":"https:\/\/www.hestasaga.com\/en\/?s={search_term_string}"},"query-input":"required name=search_term_string"}],"inLanguage":"de"},{"@type":"Organization","@id":"https:\/\/www.hestasaga.com\/en\/#organization","name":"HestaSaga","url":"https:\/\/www.hestasaga.com\/en\/","sameAs":["https:\/\/www.instagram.com\/hestasaga\/","https:\/\/www.facebook.com\/hestasaga\/","https:\/\/twitter.com\/Hestasaga"],"logo":{"@type":"ImageObject","inLanguage":"de","@id":"https:\/\/www.hestasaga.com\/en\/#\/schema\/logo\/image\/","url":"https:\/\/www.hestasaga.com\/wp-content\/uploads\/hestasaga_logo.png","contentUrl":"https:\/\/www.hestasaga.com\/wp-content\/uploads\/hestasaga_logo.png","width":600,"height":214,"caption":"HestaSaga"},"image":{"@id":"https:\/\/www.hestasaga.com\/en\/#\/schema\/logo\/image\/"}}]}},"_links":{"self":[{"href":"https:\/\/www.hestasaga.com\/de\/wp-json\/wp\/v2\/kapitel\/2609"}],"collection":[{"href":"https:\/\/www.hestasaga.com\/de\/wp-json\/wp\/v2\/kapitel"}],"about":[{"href":"https:\/\/www.hestasaga.com\/de\/wp-json\/wp\/v2\/types\/kapitel"}],"author":[{"embeddable":true,"href":"https:\/\/www.hestasaga.com\/de\/wp-json\/wp\/v2\/users\/5"}],"replies":[{"embeddable":true,"href":"https:\/\/www.hestasaga.com\/de\/wp-json\/wp\/v2\/comments?post=2609"}],"version-history":[{"count":15,"href":"https:\/\/www.hestasaga.com\/de\/wp-json\/wp\/v2\/kapitel\/2609\/revisions"}],"predecessor-version":[{"id":5126,"href":"https:\/\/www.hestasaga.com\/de\/wp-json\/wp\/v2\/kapitel\/2609\/revisions\/5126"}],"wp:attachment":[{"href":"https:\/\/www.hestasaga.com\/de\/wp-json\/wp\/v2\/media?parent=2609"}],"curies":[{"name":"wp","href":"https:\/\/api.w.org\/{rel}","templated":true}]}}

<div class="wp-container-3 wp-block-columns">
<div class="wp-container-1 wp-block-column">
<figure class="wp-block-image size-large"><img fetchpriority="high" width="1000" height="750" src="https://www.hestasaga.com/wp-content/uploads/Gattathefur-og-Nasi.jpg" alt="" class="wp-image-679" srcset="https://www.hestasaga.com/wp-content/uploads/Gattathefur-og-Nasi.jpg 1000w, https://www.hestasaga.com/wp-content/uploads/Gattathefur-og-Nasi-300x225.jpg 300w, https://www.hestasaga.com/wp-content/uploads/Gattathefur-og-Nasi-768x576.jpg 768w" sizes="(max-width: 1000px) 100vw, 1000px" /></figure>
</div>



<div class="wp-container-2 wp-block-column">
<p class="has-medium-font-size"><strong>Isländischer Adventskalender</strong><br><br><br>Auch in Island freuen sich viele Menschen jedes Jahr auf Weihnachten. <br><br>Knapp zwei Wochen vor dem Fest wird es auf der Insel traditionsgemäß turbulenter als anderswo auf dem Erdball. <br><br>Da machen sich nämlich Wesen aus der verborgenen Welt auf den Weg zu den Menschen und bringen einiges durcheinander. <br></p>
</div>
</div>

<!-- This site is optimized with the Yoast SEO plugin v19.7.1 - https://yoast.com/wordpress/plugins/seo/ -->
<title>Adventskalender - Hestasaga</title>
<meta name="robots" content="index, follow, max-snippet:-1, max-image-preview:large, max-video-preview:-1" />
<link rel="canonical" href="https://www.hestasaga.com/de/kapitel/adventskalender-2019/" />
<meta property="og:locale" content="de_DE" />
<meta property="og:type" content="article" />
<meta property="og:title" content="Adventskalender - Hestasaga" />
<meta property="og:description" content="Isländischer Adventskalender Auch in Island freuen sich viele Menschen jedes Jahr auf Weihnachten. Knapp zwei Wochen vor dem Fest wird es auf der Insel traditionsgemäß turbulenter als anderswo auf dem Erdball. Da machen sich nämlich Wesen aus der verborgenen Welt auf den Weg zu den Menschen und bringen einiges durcheinander." />
<meta property="og:url" content="https://www.hestasaga.com/de/kapitel/adventskalender-2019/" />
<meta property="og:site_name" content="Hestasaga" />
<meta property="article:publisher" content="https://www.facebook.com/hestasaga/" />
<meta property="article:modified_time" content="2022-01-12T21:21:19+00:00" />
<meta property="og:image" content="https://www.hestasaga.com/wp-content/uploads/Gattathefur-og-Nasi.jpg" />
<meta name="twitter:card" content="summary_large_image" />
<meta name="twitter:site" content="@Hestasaga" />
<meta name="twitter:label1" content="Geschätzte Lesezeit" />
	<meta name="twitter:data1" content="1 Minute" />
<script type="application/ld+json" class="yoast-schema-graph">{"@context":"https://schema.org","@graph":[{"@type":"WebPage","@id":"https://www.hestasaga.com/de/kapitel/adventskalender-2019/","url":"https://www.hestasaga.com/de/kapitel/adventskalender-2019/","name":"Adventskalender - Hestasaga","isPartOf":{"@id":"https://www.hestasaga.com/en/#website"},"datePublished":"2022-12-09T23:00:00+00:00","dateModified":"2022-01-12T21:21:19+00:00","breadcrumb":{"@id":"https://www.hestasaga.com/de/kapitel/adventskalender-2019/#breadcrumb"},"inLanguage":"de","potentialAction":[{"@type":"ReadAction","target":["https://www.hestasaga.com/de/kapitel/adventskalender-2019/"]}]},{"@type":"BreadcrumbList","@id":"https://www.hestasaga.com/de/kapitel/adventskalender-2019/#breadcrumb","itemListElement":[{"@type":"ListItem","position":1,"name":"Startseite","item":"https://www.hestasaga.com/de/"},{"@type":"ListItem","position":2,"name":"Adventskalender"}]},{"@type":"WebSite","@id":"https://www.hestasaga.com/en/#website","url":"https://www.hestasaga.com/en/","name":"Hestasaga","description":"","publisher":{"@id":"https://www.hestasaga.com/en/#organization"},"potentialAction":[{"@type":"SearchAction","target":{"@type":"EntryPoint","urlTemplate":"https://www.hestasaga.com/en/?s={search_term_string}"},"query-input":"required name=search_term_string"}],"inLanguage":"de"},{"@type":"Organization","@id":"https://www.hestasaga.com/en/#organization","name":"HestaSaga","url":"https://www.hestasaga.com/en/","sameAs":["https://www.instagram.com/hestasaga/","https://www.facebook.com/hestasaga/","https://twitter.com/Hestasaga"],"logo":{"@type":"ImageObject","inLanguage":"de","@id":"https://www.hestasaga.com/en/#/schema/logo/image/","url":"https://www.hestasaga.com/wp-content/uploads/hestasaga_logo.png","contentUrl":"https://www.hestasaga.com/wp-content/uploads/hestasaga_logo.png","width":600,"height":214,"caption":"HestaSaga"},"image":{"@id":"https://www.hestasaga.com/en/#/schema/logo/image/"}}]}</script>
<!-- / Yoast SEO plugin. -->

Isländischer Adventskalender Auch in Island freuen sich viele Menschen jedes Jahr auf Weihnachten. Knapp zwei Wochen vor dem Fest wird es auf der Insel traditionsgemäß turbulenter als anderswo auf dem Erdball. Da machen sich nämlich Wesen aus der verborgenen Welt auf den Weg zu den Menschen und bringen einiges durcheinander.
